{"id":651,"date":"2022-09-26T14:54:15","date_gmt":"2022-09-26T14:54:15","guid":{"rendered":"https:\/\/www.tecnicosenlinea.cl\/blog\/?post_type=product&#038;p=651"},"modified":"2023-11-24T01:03:13","modified_gmt":"2023-11-24T01:03:13","slug":"curso-linux-para-todo-usuario","status":"publish","type":"product","link":"https:\/\/www.tecnicosenlinea.cl\/blog\/producto\/curso-linux-para-todo-usuario\/","title":{"rendered":"CURSO LINUX PARA TODO USUARIO"},"content":{"rendered":"<p>Curso B\u00e1sico para aprender Linux a nivel usuario de escritorio.<\/p>\n<h4><strong>CODIGO DESCUENTO 100% | 5 USUARIOS: 3h6f7j89<\/strong><\/h4>\n<p>Con esta capacitaci\u00f3n comprender\u00e1s los conceptos b\u00e1sicos y medios, para el uso correcto de este sistema operativo.<\/p>\n<p>Navegaremos en distintos entornos gr\u00e1ficos, analizaremos sus ventajas, desventajas, personalizaci\u00f3n de tu escritorio, programas de edici\u00f3n de video, im\u00e1genes entre otros.<\/p>\n<p>&nbsp;<\/p>\n","protected":false},"excerpt":{"rendered":"<p>Curso B\u00e1sico para aprender Linux a nivel usuario de escritorio. CODIGO DESCUENTO 100% | 5 USUARIOS: 3h6f7j89 Con esta capacitaci\u00f3n comprender\u00e1s los conceptos b\u00e1sicos y medios, para el uso correcto &hellip; <a href=\"https:\/\/www.tecnicosenlinea.cl\/blog\/producto\/curso-linux-para-todo-usuario\/\" class=\"more-link\">Leer m\u00e1s<\/a><\/p>\n","protected":false},"featured_media":652,"comment_status":"closed","ping_status":"closed","template":"","meta":[],"product_brand":[],"product_cat":[326],"product_tag":[],"class_list":{"0":"post-651","1":"product","2":"type-product","3":"status-publish","4":"has-post-thumbnail","6":"product_cat-sistemas-operativos","7":"entry","9":"first","10":"instock","11":"virtual","12":"purchasable","13":"product-type-simple"},"yoast_head":"<!-- This site is optimized with the Yoast SEO plugin v26.9 - https:\/\/yoast.com\/product\/yoast-seo-wordpress\/ -->\n<title>CURSO LINUX PARA TODO USUARIO - Tecnicosenlinea.cl<\/title>\n<meta name=\"robots\" content=\"index, follow, max-snippet:-1, max-image-preview:large, max-video-preview:-1\" \/>\n<link rel=\"canonical\" href=\"https:\/\/www.tecnicosenlinea.cl\/blog\/producto\/curso-linux-para-todo-usuario\/\" \/>\n<meta property=\"og:locale\" content=\"es_ES\" \/>\n<meta property=\"og:type\" content=\"article\" \/>\n<meta property=\"og:title\" content=\"CURSO LINUX PARA TODO USUARIO - Tecnicosenlinea.cl\" \/>\n<meta property=\"og:description\" content=\"Curso B\u00e1sico para aprender Linux a nivel usuario de escritorio. CODIGO DESCUENTO 100% | 5 USUARIOS: 3h6f7j89 Con esta capacitaci\u00f3n comprender\u00e1s los conceptos b\u00e1sicos y medios, para el uso correcto &hellip; Leer m\u00e1s\" \/>\n<meta property=\"og:url\" content=\"https:\/\/www.tecnicosenlinea.cl\/blog\/producto\/curso-linux-para-todo-usuario\/\" \/>\n<meta property=\"og:site_name\" content=\"Tecnicosenlinea.cl\" \/>\n<meta property=\"article:publisher\" content=\"https:\/\/www.facebook.com\/royarzunm\" \/>\n<meta property=\"article:modified_time\" content=\"2023-11-24T01:03:13+00:00\" \/>\n<meta property=\"og:image\" content=\"https:\/\/www.tecnicosenlinea.cl\/blog\/wp-content\/uploads\/2022\/09\/linux_desde_cero.jpg\" \/>\n\t<meta property=\"og:image:width\" content=\"500\" \/>\n\t<meta property=\"og:image:height\" content=\"290\" \/>\n\t<meta property=\"og:image:type\" content=\"image\/jpeg\" \/>\n<meta name=\"twitter:card\" content=\"summary_large_image\" \/>\n<meta name=\"twitter:site\" content=\"@rooyarzunm\" \/>\n<script type=\"application\/ld+json\" class=\"yoast-schema-graph\">{\"@context\":\"https:\/\/schema.org\",\"@graph\":[{\"@type\":\"WebPage\",\"@id\":\"https:\/\/www.tecnicosenlinea.cl\/blog\/producto\/curso-linux-para-todo-usuario\/\",\"url\":\"https:\/\/www.tecnicosenlinea.cl\/blog\/producto\/curso-linux-para-todo-usuario\/\",\"name\":\"CURSO LINUX PARA TODO USUARIO - Tecnicosenlinea.cl\",\"isPartOf\":{\"@id\":\"https:\/\/www.tecnicosenlinea.cl\/blog\/#website\"},\"primaryImageOfPage\":{\"@id\":\"https:\/\/www.tecnicosenlinea.cl\/blog\/producto\/curso-linux-para-todo-usuario\/#primaryimage\"},\"image\":{\"@id\":\"https:\/\/www.tecnicosenlinea.cl\/blog\/producto\/curso-linux-para-todo-usuario\/#primaryimage\"},\"thumbnailUrl\":\"https:\/\/www.tecnicosenlinea.cl\/blog\/wp-content\/uploads\/2022\/09\/linux_desde_cero.jpg\",\"datePublished\":\"2022-09-26T14:54:15+00:00\",\"dateModified\":\"2023-11-24T01:03:13+00:00\",\"breadcrumb\":{\"@id\":\"https:\/\/www.tecnicosenlinea.cl\/blog\/producto\/curso-linux-para-todo-usuario\/#breadcrumb\"},\"inLanguage\":\"es\",\"potentialAction\":[{\"@type\":\"ReadAction\",\"target\":[\"https:\/\/www.tecnicosenlinea.cl\/blog\/producto\/curso-linux-para-todo-usuario\/\"]}]},{\"@type\":\"ImageObject\",\"inLanguage\":\"es\",\"@id\":\"https:\/\/www.tecnicosenlinea.cl\/blog\/producto\/curso-linux-para-todo-usuario\/#primaryimage\",\"url\":\"https:\/\/www.tecnicosenlinea.cl\/blog\/wp-content\/uploads\/2022\/09\/linux_desde_cero.jpg\",\"contentUrl\":\"https:\/\/www.tecnicosenlinea.cl\/blog\/wp-content\/uploads\/2022\/09\/linux_desde_cero.jpg\",\"width\":500,\"height\":290},{\"@type\":\"BreadcrumbList\",\"@id\":\"https:\/\/www.tecnicosenlinea.cl\/blog\/producto\/curso-linux-para-todo-usuario\/#breadcrumb\",\"itemListElement\":[{\"@type\":\"ListItem\",\"position\":1,\"name\":\"Portada\",\"item\":\"https:\/\/www.tecnicosenlinea.cl\/blog\/\"},{\"@type\":\"ListItem\",\"position\":2,\"name\":\"Tienda\",\"item\":\"https:\/\/www.tecnicosenlinea.cl\/blog\/tienda\/\"},{\"@type\":\"ListItem\",\"position\":3,\"name\":\"CURSO LINUX PARA TODO USUARIO\"}]},{\"@type\":\"WebSite\",\"@id\":\"https:\/\/www.tecnicosenlinea.cl\/blog\/#website\",\"url\":\"https:\/\/www.tecnicosenlinea.cl\/blog\/\",\"name\":\"Tecnicosenlinea.cl\",\"description\":\"Softwares Gratis - Antivirus - AntiMalwares -  Seguridad en Redes - Descargas - Cms  - Dvr - Tutoriales\",\"publisher\":{\"@id\":\"https:\/\/www.tecnicosenlinea.cl\/blog\/#\/schema\/person\/8783436f650aae99ed2a6edb66eda9dd\"},\"potentialAction\":[{\"@type\":\"SearchAction\",\"target\":{\"@type\":\"EntryPoint\",\"urlTemplate\":\"https:\/\/www.tecnicosenlinea.cl\/blog\/?s={search_term_string}\"},\"query-input\":{\"@type\":\"PropertyValueSpecification\",\"valueRequired\":true,\"valueName\":\"search_term_string\"}}],\"inLanguage\":\"es\"},{\"@type\":[\"Person\",\"Organization\"],\"@id\":\"https:\/\/www.tecnicosenlinea.cl\/blog\/#\/schema\/person\/8783436f650aae99ed2a6edb66eda9dd\",\"name\":\"Rodrigo Oyarz\u00fan\",\"image\":{\"@type\":\"ImageObject\",\"inLanguage\":\"es\",\"@id\":\"https:\/\/www.tecnicosenlinea.cl\/blog\/#\/schema\/person\/image\/\",\"url\":\"https:\/\/www.tecnicosenlinea.cl\/blog\/wp-content\/uploads\/2019\/01\/LOGO.png\",\"contentUrl\":\"https:\/\/www.tecnicosenlinea.cl\/blog\/wp-content\/uploads\/2019\/01\/LOGO.png\",\"width\":602,\"height\":184,\"caption\":\"Rodrigo Oyarz\u00fan\"},\"logo\":{\"@id\":\"https:\/\/www.tecnicosenlinea.cl\/blog\/#\/schema\/person\/image\/\"},\"sameAs\":[\"http:\/\/www.server-chile.net\",\"https:\/\/www.facebook.com\/royarzunm\",\"https:\/\/www.instagram.com\/royarzunm\/\",\"https:\/\/www.linkedin.com\/in\/rodrigo-mrquez-bb531791\/\",\"https:\/\/x.com\/rooyarzunm\"]}]}<\/script>\n<!-- \/ Yoast SEO plugin. -->","yoast_head_json":{"title":"CURSO LINUX PARA TODO USUARIO - Tecnicosenlinea.cl","robots":{"index":"index","follow":"follow","max-snippet":"max-snippet:-1","max-image-preview":"max-image-preview:large","max-video-preview":"max-video-preview:-1"},"canonical":"https:\/\/www.tecnicosenlinea.cl\/blog\/producto\/curso-linux-para-todo-usuario\/","og_locale":"es_ES","og_type":"article","og_title":"CURSO LINUX PARA TODO USUARIO - Tecnicosenlinea.cl","og_description":"Curso B\u00e1sico para aprender Linux a nivel usuario de escritorio. CODIGO DESCUENTO 100% | 5 USUARIOS: 3h6f7j89 Con esta capacitaci\u00f3n comprender\u00e1s los conceptos b\u00e1sicos y medios, para el uso correcto &hellip; Leer m\u00e1s","og_url":"https:\/\/www.tecnicosenlinea.cl\/blog\/producto\/curso-linux-para-todo-usuario\/","og_site_name":"Tecnicosenlinea.cl","article_publisher":"https:\/\/www.facebook.com\/royarzunm","article_modified_time":"2023-11-24T01:03:13+00:00","og_image":[{"width":500,"height":290,"url":"https:\/\/www.tecnicosenlinea.cl\/blog\/wp-content\/uploads\/2022\/09\/linux_desde_cero.jpg","type":"image\/jpeg"}],"twitter_card":"summary_large_image","twitter_site":"@rooyarzunm","schema":{"@context":"https:\/\/schema.org","@graph":[{"@type":"WebPage","@id":"https:\/\/www.tecnicosenlinea.cl\/blog\/producto\/curso-linux-para-todo-usuario\/","url":"https:\/\/www.tecnicosenlinea.cl\/blog\/producto\/curso-linux-para-todo-usuario\/","name":"CURSO LINUX PARA TODO USUARIO - Tecnicosenlinea.cl","isPartOf":{"@id":"https:\/\/www.tecnicosenlinea.cl\/blog\/#website"},"primaryImageOfPage":{"@id":"https:\/\/www.tecnicosenlinea.cl\/blog\/producto\/curso-linux-para-todo-usuario\/#primaryimage"},"image":{"@id":"https:\/\/www.tecnicosenlinea.cl\/blog\/producto\/curso-linux-para-todo-usuario\/#primaryimage"},"thumbnailUrl":"https:\/\/www.tecnicosenlinea.cl\/blog\/wp-content\/uploads\/2022\/09\/linux_desde_cero.jpg","datePublished":"2022-09-26T14:54:15+00:00","dateModified":"2023-11-24T01:03:13+00:00","breadcrumb":{"@id":"https:\/\/www.tecnicosenlinea.cl\/blog\/producto\/curso-linux-para-todo-usuario\/#breadcrumb"},"inLanguage":"es","potentialAction":[{"@type":"ReadAction","target":["https:\/\/www.tecnicosenlinea.cl\/blog\/producto\/curso-linux-para-todo-usuario\/"]}]},{"@type":"ImageObject","inLanguage":"es","@id":"https:\/\/www.tecnicosenlinea.cl\/blog\/producto\/curso-linux-para-todo-usuario\/#primaryimage","url":"https:\/\/www.tecnicosenlinea.cl\/blog\/wp-content\/uploads\/2022\/09\/linux_desde_cero.jpg","contentUrl":"https:\/\/www.tecnicosenlinea.cl\/blog\/wp-content\/uploads\/2022\/09\/linux_desde_cero.jpg","width":500,"height":290},{"@type":"BreadcrumbList","@id":"https:\/\/www.tecnicosenlinea.cl\/blog\/producto\/curso-linux-para-todo-usuario\/#breadcrumb","itemListElement":[{"@type":"ListItem","position":1,"name":"Portada","item":"https:\/\/www.tecnicosenlinea.cl\/blog\/"},{"@type":"ListItem","position":2,"name":"Tienda","item":"https:\/\/www.tecnicosenlinea.cl\/blog\/tienda\/"},{"@type":"ListItem","position":3,"name":"CURSO LINUX PARA TODO USUARIO"}]},{"@type":"WebSite","@id":"https:\/\/www.tecnicosenlinea.cl\/blog\/#website","url":"https:\/\/www.tecnicosenlinea.cl\/blog\/","name":"Tecnicosenlinea.cl","description":"Softwares Gratis - Antivirus - AntiMalwares -  Seguridad en Redes - Descargas - Cms  - Dvr - Tutoriales","publisher":{"@id":"https:\/\/www.tecnicosenlinea.cl\/blog\/#\/schema\/person\/8783436f650aae99ed2a6edb66eda9dd"},"potentialAction":[{"@type":"SearchAction","target":{"@type":"EntryPoint","urlTemplate":"https:\/\/www.tecnicosenlinea.cl\/blog\/?s={search_term_string}"},"query-input":{"@type":"PropertyValueSpecification","valueRequired":true,"valueName":"search_term_string"}}],"inLanguage":"es"},{"@type":["Person","Organization"],"@id":"https:\/\/www.tecnicosenlinea.cl\/blog\/#\/schema\/person\/8783436f650aae99ed2a6edb66eda9dd","name":"Rodrigo Oyarz\u00fan","image":{"@type":"ImageObject","inLanguage":"es","@id":"https:\/\/www.tecnicosenlinea.cl\/blog\/#\/schema\/person\/image\/","url":"https:\/\/www.tecnicosenlinea.cl\/blog\/wp-content\/uploads\/2019\/01\/LOGO.png","contentUrl":"https:\/\/www.tecnicosenlinea.cl\/blog\/wp-content\/uploads\/2019\/01\/LOGO.png","width":602,"height":184,"caption":"Rodrigo Oyarz\u00fan"},"logo":{"@id":"https:\/\/www.tecnicosenlinea.cl\/blog\/#\/schema\/person\/image\/"},"sameAs":["http:\/\/www.server-chile.net","https:\/\/www.facebook.com\/royarzunm","https:\/\/www.instagram.com\/royarzunm\/","https:\/\/www.linkedin.com\/in\/rodrigo-mrquez-bb531791\/","https:\/\/x.com\/rooyarzunm"]}]}},"_links":{"self":[{"href":"https:\/\/www.tecnicosenlinea.cl\/blog\/wp-json\/wp\/v2\/product\/651","targetHints":{"allow":["GET"]}}],"collection":[{"href":"https:\/\/www.tecnicosenlinea.cl\/blog\/wp-json\/wp\/v2\/product"}],"about":[{"href":"https:\/\/www.tecnicosenlinea.cl\/blog\/wp-json\/wp\/v2\/types\/product"}],"replies":[{"embeddable":true,"href":"https:\/\/www.tecnicosenlinea.cl\/blog\/wp-json\/wp\/v2\/comments?post=651"}],"wp:featuredmedia":[{"embeddable":true,"href":"https:\/\/www.tecnicosenlinea.cl\/blog\/wp-json\/wp\/v2\/media\/652"}],"wp:attachment":[{"href":"https:\/\/www.tecnicosenlinea.cl\/blog\/wp-json\/wp\/v2\/media?parent=651"}],"wp:term":[{"taxonomy":"product_brand","embeddable":true,"href":"https:\/\/www.tecnicosenlinea.cl\/blog\/wp-json\/wp\/v2\/product_brand?post=651"},{"taxonomy":"product_cat","embeddable":true,"href":"https:\/\/www.tecnicosenlinea.cl\/blog\/wp-json\/wp\/v2\/product_cat?post=651"},{"taxonomy":"product_tag","embeddable":true,"href":"https:\/\/www.tecnicosenlinea.cl\/blog\/wp-json\/wp\/v2\/product_tag?post=651"}],"curies":[{"name":"wp","href":"https:\/\/api.w.org\/{rel}","templated":true}]}}